{"id":6,"date":"2014-03-13T15:31:06","date_gmt":"2014-03-13T14:31:06","guid":{"rendered":"http:\/\/dietmarwalz.info\/?page_id=6"},"modified":"2020-06-10T10:06:12","modified_gmt":"2020-06-10T08:06:12","slug":"home","status":"publish","type":"page","link":"https:\/\/dietmarwalz.info\/","title":{"rendered":"LAUFEN IHRE PROZESSE WIRKLICH OPTIMAL?"},"content":{"rendered":"<p><span style=\"line-height: 1.5;\">Sie sind ein mittelst\u00e4ndisches Handels- und\/oder Produktionsunternehmen und Sie ahnen es l\u00e4ngst: So einiges k\u00f6nnte bei Ihnen in Sachen Warenwirtschaftssystem besser funktionieren. Ihnen fehlt es z. B. an Kennzahlen-Transparenz oder die Auftragsbearbeitung l\u00e4uft insgesamt zu langsam? Vielleicht arbeiten Sie auch noch mit vielen Insell\u00f6sungen, einer anf\u00e4lligen Infrastruktur oder mit veralteten Technologien, die alles andere als effizient sind? Vielleicht m\u00f6chten Sie auch ein integriertes Warenwirtschaftssystems einf\u00fchren, haben aber intern nicht gen\u00fcgend Ressourcen, die eine solche Aufgabenstellung neben ihrem Tagesgesch\u00e4ft bew\u00e4ltigen k\u00f6nnen?<\/span><\/p>\n<p>Ein gro\u00dfes Systemhaus, das f\u00fcr jeden Teilbereich mit einem eigenen Berater anr\u00fcckt und entsprechende Kosten verursacht, verschreckt Sie schon beim Gedanken daran?<\/p>\n<p><b style=\"line-height: 1.5;\">Ihre L\u00f6sung ist denkbar einfach:<\/b><span style=\"line-height: 1.5;\"> Als freier Systemberater mit Jahrzehnte langer Erfahrung mache ich Ihnen ein optimales Angebot: Mit dem individuellen Check pr\u00fcfe ich Ihr Warenwirtschaftssystem und Ihre IT-Infrastruktur auf seine Zukunftstauglichkeit, empfehle Ihnen alle notwendigen Schritte und organisiere diese auf Wunsch f\u00fcr Sie.<\/span><\/p>\n<p>Lesen Sie hier und jetzt, was Sie erwartet und womit Sie rechnen k\u00f6nnen \u2013 es ist auf jeden Fall immer das Beste f\u00fcr Sie.<\/p>\n","protected":false},"excerpt":{"rendered":"<p>Sie sind ein mittelst\u00e4ndisches Handels- und\/oder Produktionsunternehmen und Sie ahnen es l\u00e4ngst: So einiges k\u00f6nnte bei Ihnen in Sachen Warenwirtschaftssystem besser funktionieren. Ihnen fehlt es z. B. an Kennzahlen-Transparenz oder die Auftragsbearbeitung l\u00e4uft insgesamt zu langsam? Vielleicht arbeiten Sie auch noch mit vielen Insell\u00f6sungen, einer anf\u00e4lligen Infrastruktur oder mit veralteten Technologien, die alles andere als &hellip; <a href=\"https:\/\/dietmarwalz.info\/\" class=\"more-link\"><span class=\"screen-reader-text\">LAUFEN IHRE PROZESSE WIRKLICH OPTIMAL?<\/span> weiterlesen <span class=\"meta-nav\">&rarr;<\/span><\/a><\/p>\n","protected":false},"author":1,"featured_media":0,"parent":0,"menu_order":0,"comment_status":"closed","ping_status":"closed","template":"","meta":{"footnotes":""},"class_list":["post-6","page","type-page","status-publish","hentry"],"_links":{"self":[{"href":"https:\/\/dietmarwalz.info\/index.php?rest_route=\/wp\/v2\/pages\/6","targetHints":{"allow":["GET"]}}],"collection":[{"href":"https:\/\/dietmarwalz.info\/index.php?rest_route=\/wp\/v2\/pages"}],"about":[{"href":"https:\/\/dietmarwalz.info\/index.php?rest_route=\/wp\/v2\/types\/page"}],"author":[{"embeddable":true,"href":"https:\/\/dietmarwalz.info\/index.php?rest_route=\/wp\/v2\/users\/1"}],"replies":[{"embeddable":true,"href":"https:\/\/dietmarwalz.info\/index.php?rest_route=%2Fwp%2Fv2%2Fcomments&post=6"}],"version-history":[{"count":8,"href":"https:\/\/dietmarwalz.info\/index.php?rest_route=\/wp\/v2\/pages\/6\/revisions"}],"predecessor-version":[{"id":165,"href":"https:\/\/dietmarwalz.info\/index.php?rest_route=\/wp\/v2\/pages\/6\/revisions\/165"}],"wp:attachment":[{"href":"https:\/\/dietmarwalz.info\/index.php?rest_route=%2Fwp%2Fv2%2Fmedia&parent=6"}],"curies":[{"name":"wp","href":"https:\/\/api.w.org\/{rel}","templated":true}]}}