{"id":30,"date":"2014-03-13T16:04:04","date_gmt":"2014-03-13T15:04:04","guid":{"rendered":"http:\/\/dietmarwalz.info\/?page_id=30"},"modified":"2014-03-13T18:24:13","modified_gmt":"2014-03-13T17:24:13","slug":"gut-zu-wissen-wer-was-kann","status":"publish","type":"page","link":"https:\/\/dietmarwalz.info\/?page_id=30","title":{"rendered":"GUT ZU WISSEN,<br>WER WAS KANN."},"content":{"rendered":"<p>Ich kann viel \u2013 aber nicht alles. Deshalb greife ich bei Bedarf auf ein erstklassiges Partnernetzwerk und damit auf vielf\u00e4ltige Ressourcen und umfassendes Detailwissen zu.<\/p>\n<p>Dabei kann ich mich auf all meine Partner zu 100% verlassen, was nat\u00fcrlich vor allem Ihnen zu Gute kommt.<\/p>\n<p>Und sollte sich in meinem vorhandenen Netzwerk tats\u00e4chlich kein passender Dienstleister f\u00fcr Ihren speziellen Bedarf finden, unterst\u00fctze ich auch gerne bei der Suche.<\/p>\n","protected":false},"excerpt":{"rendered":"<p>Ich kann viel \u2013 aber nicht alles. Deshalb greife ich bei Bedarf auf ein erstklassiges Partnernetzwerk und damit auf vielf\u00e4ltige Ressourcen und umfassendes Detailwissen zu. Dabei kann ich mich auf all meine Partner zu 100% verlassen, was nat\u00fcrlich vor allem Ihnen zu Gute kommt. Und sollte sich in meinem vorhandenen Netzwerk tats\u00e4chlich kein passender Dienstleister &hellip; <a href=\"https:\/\/dietmarwalz.info\/?page_id=30\" class=\"more-link\"><span class=\"screen-reader-text\">GUT ZU WISSEN,<br \/>WER WAS KANN.<\/span> weiterlesen <span class=\"meta-nav\">&rarr;<\/span><\/a><\/p>\n","protected":false},"author":1,"featured_media":0,"parent":0,"menu_order":0,"comment_status":"closed","ping_status":"closed","template":"","meta":{"footnotes":""},"class_list":["post-30","page","type-page","status-publish","hentry"],"_links":{"self":[{"href":"https:\/\/dietmarwalz.info\/index.php?rest_route=\/wp\/v2\/pages\/30","targetHints":{"allow":["GET"]}}],"collection":[{"href":"https:\/\/dietmarwalz.info\/index.php?rest_route=\/wp\/v2\/pages"}],"about":[{"href":"https:\/\/dietmarwalz.info\/index.php?rest_route=\/wp\/v2\/types\/page"}],"author":[{"embeddable":true,"href":"https:\/\/dietmarwalz.info\/index.php?rest_route=\/wp\/v2\/users\/1"}],"replies":[{"embeddable":true,"href":"https:\/\/dietmarwalz.info\/index.php?rest_route=%2Fwp%2Fv2%2Fcomments&post=30"}],"version-history":[{"count":3,"href":"https:\/\/dietmarwalz.info\/index.php?rest_route=\/wp\/v2\/pages\/30\/revisions"}],"predecessor-version":[{"id":58,"href":"https:\/\/dietmarwalz.info\/index.php?rest_route=\/wp\/v2\/pages\/30\/revisions\/58"}],"wp:attachment":[{"href":"https:\/\/dietmarwalz.info\/index.php?rest_route=%2Fwp%2Fv2%2Fmedia&parent=30"}],"curies":[{"name":"wp","href":"https:\/\/api.w.org\/{rel}","templated":true}]}}